**2 - 300*d + 406. Determine b(146).
-762
Let i(f) = -2*f**3 + 12*f**2 + 329*f - 1722. Give i(5).
-27
Let i(g) = -13*g**2 - 10662*g + 19731. What is i(-822)?
3
Let l(y) = -105*y**2 + 30869*y + 307. Calculate l(294).
13
Let y(o) = 5*o**3 + 1941*o**2 - 1670*o - 44344. Calculate y(-389).
2
Let j(i) = 4*i**3 - 123*i**2 + 63*i + 956. Determine j(30).
146
Let g(a) = 34475*a - 655033. Determine g(19).
-8
Let b(z) = -z**3 + 41*z**2 + 120*z + 1. Determine b(43).
1463
Let z(x) = -2*x**2 + 16*x + 11282. Give z(-71).
64
Let g(d) = -d**3 + 47*d**2 - 447*d - 52. Determine g(10).
-822
Let u(p) = 2*p**2 + 3003*p - 3. Calculate u(0).
-3
Let f(h) = -9*h**2 - 1221*h - 3551. Calculate f(-3).
31
Let q(p) = p**2 - 6104*p + 236556. What is q(39)?
21
Let p(m) = m**3 - 227*m**2 + 3023*m - 493. Calculate p(14).
81
Let k(v) = 9357*v + 262002. Give k(-28).
6
Let r(b) = -2*b**3 + 28*b**2 - 105*b + 310. Determine r(10).
60
Let u(l) = 13*l**2 - 3984*l + 31853. Determine u(8).
813
Let j(r) = 894184*r - 1788356. What is j(2)?
12
Let f(j) = -3367*j - 50415. Give f(-15).
90
Let u(w) = -8026*w - 16066. Give u(-2).
-14
Let r(a) = 357*a**2 - 1796*a + 2. Determine r(5).
-53
Let w(m) = -9682*m + 48941. What is w(5)?
531
Let a(r) = 12362*r - 2237533. Determine a(181).
-11
Let u(z) = 22187*z + 5568908. Calculate u(-251).
-29
Let o(l) = l**2 - 706*l - 11468. Calculate o(-16).
84
Let z(m) = -45058*m - 991246. Calculate z(-22).
30
Let q(n) = -9*n**3 + 24*n**2 - 75*n + 55. Give q(3).
-197
Let r(x) = -x**2 - 2342*x + 16441. Determine r(7).
-2
Let o(j) = -13*j**3 - j**2 - 350*j + 705. What is o(2)?
-103
Let g(q) = 572*q + 176205. Give g(-308).
29
Let q(f) = -27*f**2 - 33*f - 38. What is q(5)?
-878
Let u(d) = -2*d**2 - 475*d + 34971. What is u(59)?
-16
Let p(u) = 5*u**2 - 107*u - 501. Determine p(26).
97
Let j(q) = -30736*q - 11064986. Calculate j(-360).
-26
Let p(k) = -288*k - 8357. What is p(-30)?
283
Let p(h) = -50*h - 929. Calculate p(-6).
-629
Let q(n) = -7566*n - 67955. Determine q(-9).
139
Let b(n) = 8085*n - 20. Give b(0).
-20
Let h(t) = t**3 - 9*t**2 + 789*t - 3709. Give h(5).
136
Let u(l) = -315*l + 4409. Calculate u(15).
-316
Let l(f) = -f**3 - 143*f**2 - 570*f - 2015. Calculate l(-139).
-69
Let g(z) = -50*z**2 + 8940*z + 1821. Calculate g(179).
31
Let m(b) = 54*b**2 - 1697*b - 6778. Give m(-4).
874
Let h(f) = 477*f**2 + 6565*f - 1681. Give h(-14).
-99
Let w(i) = 2174*i + 73695. What is w(-34)?
-221
Let b(k) = k**2 + 60*k - 785. Give b(14).
251
Let h(z) = -236929*z + 236898. Calculate h(1).
-31
Let q(n) = -8*n**2 - 150*n + 215. Give q(-22).
-357
Let h(u) = 715*u - 8705. What is h(12)?
-125
Let m(h) = -5*h**2 - 206*h + 81. Calculate m(-34).
1305
Let i(x) = -2*x**2 - 272*x + 9952. Give i(30).
-8
Let v(z) = -13548*z - 176419. Determine v(-13).
-295
Let x(z) = -2*z**2 - 71*z + 880. Calculate x(-52).
-836
Let v(a) = a**3 - 190*a**2 - 2214*a - 42. Give v(-11).
-9
Let g(m) = -m**2 - 26*m + 108723. What is g(317)?
-8
Let q(f) = 27*f + 946. Calculate q(-11).
649
Let l(q) = -39*q**2 + 28453*q - 28452. Determine l(1).
-38
Let g(c) = -101*c**2 + 462*c + 230. Calculate g(5).
15
Let n(s) = -s**3 + 20*s**2 + 133*s - 2645. What is n(20)?
15
Let q(z) = -z**3 + 284*z**2 - 2171*z - 9817. Calculate q(276).
395
Let t(i) = -3*i**2 - 100*i + 1584. Give t(17).
-983
Let h(d) = 269*d**2 + 8610*d + 63. Determine h(-32).
-1
Let a(j) = 851*j**2 - 1663*j + 1658. What is a(1)?
846
Let o(u) = -3*u**3 + 59*u**2 + 657*u + 1366. Give o(-3).
7
Let l(t) = 62*t**2 - 4156*t - 8550. Determine l(-2).
10
Let a(g) = -6220*g - 74504. Calculate a(-12).
136
Let r(f) = -700*f - 55314. Determine r(-79).
-14
Let o(q) = -1076*q + 28159. Determine o(25).
1259
Let h(k) = 2*k**2 - 958*k + 23567. Give h(26).
11
Let q(b) = -263*b**3 - 14*b**2 + 28*b - 16. What is q(1)?
-265
Let s(f) = -4*f**2 - 504*f + 5359. Give s(-136).
-81
Let c(v) = 6038*v - 12594. Calculate c(2).
-518
Let x(t) = 1496*t - 3244. Calculate x(2).
-252
Let m(j) = -751*j + 38414. Calculate m(52).
-638
Let p(o) = -o**3 - 16*o**2 + 165*o - 511. What is p(-24)?
137
Let s(x) = -2*x**3 - 25*x**2 + 935*x + 12075. Determine s(-13).
89
Let i(j) = -4*j**2 + 480*j - 1896. Determine i(4).
-40
Let j(v) = -852*v**2 - 46007*v + 38. Determine j(-54).
-16
Let z(y) = -718*y + 11372. What is z(16)?
-116
Let q(i) = i**3 - 30*i**2 - 1372*i + 109. Give q(-25).
34
Let z(t) = 24658*t**2 + 271236*t - 23. Determine z(-11).
-1
Let h(v) = -24*v**2 - 8895*v - 5605. Calculate h(-370).
-55
Let s(v) = v**2 - 690*v + 67039. Determine s(573).
-2
Let u(y) = 20247*y - 465699. Determine u(23).
-18
Let n(c) = -c**2 - 737*c + 30415. Determine n(40).
-665
Let s(y) = -7616*y - 2421794. Calculate s(-318).
94
Let b(c) = -5*c**3 + 872*c**2 - 344*c - 673. Determine b(174).
23
Let d(w) = w**3 + 20*w**2 - 5*w - 1272. Determine d(-25).
-4272
Let f(i) = 107*i + 3310. Calculate f(-32).
-114
Let c(k) = 102*k + 4445. Determine c(-48).
-451
Let x(r) = 460*r**2 + 5547*r + 11090. Give x(-2).
1836
Let o(f) = f**3 - 21*f**2 + 72*f + 361. Determine o(14).
-3
Let t(c) = 3433*c - 508100. Calculate t(148).
-16
Let w(z) = 232567*z + 697697. Calculate w(-3).
-4
Let d(v) = 13334*v - 93348. Calculate d(7).
-10
Let w(c) = 7*c**2 + 223*c - 2487. What is w(12)?
1197
Let m(q) = -868*q + 65160. Determine m(75).
60
Let t(s) = 16*s**2 - 1385*s - 5545. Determine t(-4).
251
Let c(w) = 24033*w - 23888. What is c(1)?
145
Let a(l) = l**2 - 3922*l + 15683. Determine a(4).
11
Let f(o) = -2*o**2 - 58*o - 60. What is f(-26)?
96
Let n(m) = -55677*m + 5679064. What is n(102)?
10
Let f(l) = -l**3 - 192*l**2 - 228*l - 6288. Give f(-191).
779
Let o(q) = q**3 - 5*q**2 - 183*q + 2506. Calculate o(12).
1318
Let g(a) = a**3 - 48*a**2 + 30. What is g(48)?
30
Let s(p) = -182*p + 8665. Determine s(55).
-1345
Let x(b) = 212*b - 1568. Give x(10).
552
Let a(v) = 4*v**3 + 930*v**2 - 660*v - 45208. Determine a(-233).
-6
Let i(q) = -q**3 + 15*q**2 - 96*q + 1131. Calculate i(14).
-17
Let z(v) = -21*v**3 + 3*v**2 + 174*v - 525. Give z(3).
-543
Let g(q) = -286*q**2 - 1501*q - 19. Determine g(-6).
-1309
Let j(d) = -6170*d - 49364. Calculate j(-8).
-4
Let x(y) = 2*y**2 - 3794*y - 287625. Give x(-73).
-5
Let v(c) = -586*c**2 - 33*c - 97. Give v(-1).
-650
Let t(i) = 15775*i + 22700241. Determine t(-1439).
16
Let q(y) = 4*y**3 + 35*y**2 + 26*y + 7. Calculate q(-8).
-9
Let d(g) = -2*g**2 + 2234*g + 50116. Calculate d(-22).
0
Let y(p) = -70*p**3 + 334*p**2 - 524*p + 192. What is y(1)?
-68
Let b(w) = 119659*w + 1675243. Determine b(-14).
17
Let j(h) = h**3 + 48*h**2 - 557*h + 177. Give j(10).
407
Let w(x) = x**3 - 39*x**2 + 277*x + 290. Determine w(12).
-274
Let b(a) = -358*a**2 - 45807*a + 2160. What is b(-128)?
-16
Let m(q) = 15526*q + 20308004. Give m(-1308).
-4
Let k(j) = 326*j + 9668. Calculate k(-28).
540
Let o(b) = -39*b + 20280. Give o(520).
0
Let r(b) = 8158*b + 415970. Calculate r(-51).
-88
Let y(i) = -154332*i - 925990. Give y(-6).
2
Let z(l) = -1670*l - 150. What is z(-1)?
1520
Let g(k) = -1272*k**2 + 4225*k + 32757. Determine g(7).
4
Let y(p) = -604*p - 3998. Give y(-12).
3250
Let n(i) = 13*i**2 - 1130*i - 10437. Calculate n(-9).
786
Let n(w) = -w**3 + 7*w**2 + 32*w - 114. What is n(3)?
18
Let a(l) = 5223*l - 376010. Calculate a(72).
46
Let g(t) = -752*t - 6670. Give g(-8).
-654
Let y(n) = 850*n**3 - 2*n**2 - 917*n + 918. Calculate y(1).
849
Let i(h) = -2*h**2 + 55444*h - 3374647. Give i(61).
-5
Let b(n) = -165*n + 18799. Determine b(114).
-11
Let b(s) = 36786*s - 588599. Calculate b(16).
-23
Let g(h) = h**2 + 272*h - 11670. Calculate g(38).
110
Let s(w) = w**3 - 467*w**2 - 2299*w - 28579. Calculate s(472).
213
Let z(k) = -13*k**3 + 121*k**2 - 11*k. What is z(6)?
1482
Let l(x) = 7154*x + 11316. Determine l(-1).
4162
Let b(u) = 14*u**2 - 410*u - 45. Give b(29).
-161
Let s(j) = 4261*j - 677496. Give s(159).
3
Let y(q) = -5*q**2 + 562*q - 818. Give y(111).
-41
Let s(q) = 25*q**3 - 57*q**2 + 35*q + 1. Give s(0).
1
Let t(z) = -238*z + 3567. Give t(15).
-3
Let t(u) = -874*u + 104012. Give t(119).
6
Let s(q) = 9*q**2 + 18930*q + 94428. Calculate s(-5).
3
Let n(z) = -z**3 - 840*z**2 + 45443*z + 1786. What is n(-891)?
4
Let u(d) = -2362284*d - 4724574. Determine u(-2).
-6
Let v(c) = -643*c + 261063. Give v(406).
5
Let c(s) = 484*s + 9272. Give c(-17).
1044
Let h(m) =